f(-1). What is the units digit of y/9 - (-2)/(-6)?
6
Let h be (-6)/24 + (-306)/(-8). Let d = h + -27. What is the tens digit of d?
1
What is the hundreds digit of -57*(-2 + (-1 - -2)*-1)?
1
Let t(w) = -2*w + 8. Let c be t(6). Let p be (-14)/c*60/21. What is the units digit of p/3*27/15?
6
Let j be 1/1 - (-2 - -1). Suppose t - 3*m - 22 = 0, 3*t - 16 = -j*m - 5. What is the units digit of t?
7
Let d = -36 - -24. What is the units digit of ((-66)/d)/((-1)/(-2))?
1
Let n(b) = b**3 - 5*b**2 - 3*b + 2. Let t be n(6). Suppose 4*s - t = -s. What is the units digit of s?
4
Let a be (44/10)/((-1)/5). Let n = a + 13. What is the units digit of -3*3/(n/3)?
3
Suppose 0 = -3*z - f + 23, -4*f = -3*z + 2*z - 1. Let t = 1 - z. Let v = 10 + t. What is the units digit of v?
4
Let l(z) = -z**3 + 9*z**2 - 9*z + 4. Suppose -i + 2*w - w + 10 = 0, -4*i - w = -30. Let x be l(i). What is the units digit of (x/6)/((-4)/66)?
1
Suppose -27 = d - 12. Let p = 26 + d. Suppose 5*n - p = -x, 4*x = 3*x - 3*n + 13. What is the tens digit of x?
1
Suppose 2*n + 6*t = t - 2, 3*t + 18 = 3*n. Suppose -u + 2*d + 9 = 0, n*u - 4*d = d + 24. What is the units digit of u?
1
Let u(d) be the third derivative of -d**5/20 - 5*d**4/24 - d**3/3 + 3*d**2. Let n be u(-3). Let x = -2 - n. What is the units digit of x?
2
Let p(m) = -m**2 + 7*m - 4. Suppose -i + 1 = -5. Let r be p(i). Suppose -3 = -3*k - 4*q + 8, 3 = -k + r*q. What is the units digit of k?
1
Suppose 1 = -3*b + 4, -5*o = 4*b + 1. Let t be (-6)/3 - 4/o. Let v = t - 0. What is the units digit of v?
2
Let f = 7 - 0. Suppose -u = l + 1 - 4, -4*u = -l - f. What is the units digit of u + (-1 + -1 - -4)?
4
What is the units digit of ((-6)/(-2) - (-7)/2)*8?
2
Let l(g) = -2*g - 2. Let m be l(-3). Suppose -3*i = -3*p + 57, m*i = -2*p - 3*p + 140. What is the units digit of p?
4
Suppose 4*h - 3 - 9 = 0. Suppose z + 9 = -5*v, -6*z - 9 = -h*v - 3*z. Let m = 1 - v. What is the units digit of m?
2
Let g = -16 + 2. Let u = g + 48. Let v = u - 20. What is the units digit of v?
4
Suppose 0*d + 4*d = -88. What is the tens digit of (d/10)/(-1)*5?
1
Let f be (1 + 16 - -3) + 0. What is the tens digit of ((-2)/(-2))/(2/f)?
1
Let o(g) = -g + 1. What is the units digit of o(-8)?
9
Let b = -175 + 245. Suppose -q + b = q. What is the units digit of q?
5
Let w be 2/((-5)/2 + 3). Suppose -2*y = -t + 2*t - 7, -w*t = -3*y - 39. What is the units digit of t?
9
Let r = 4 - 5. Let a be -1 + 3 - (r + -1). Suppose -a*k = -3*f + 10, -4*k = 4*f - 6*f + 8. What is the units digit of f?
2
Suppose 0 = 3*c + 4*p + 9, 0 = 3*c + 2*c + 4*p + 7. Let g = c - -15. What is the units digit of g?
6
Suppose -16*y + 15*y = -128. What is the hundreds digit of y?
1
Suppose 0 = -t + 11 + 26. Let o = t - 19. What is the units digit of o?
8
Let r(m) = m**3 + 12*m**2 - 30*m - 5. What is the units digit of r(-14)?
3
Let b(i) = -i**2 + 6*i. Let r be b(6). Suppose 4*q + r*q - 16 = 0. Suppose 0 = q*l - 0*l - 8. What is the units digit of l?
2
Suppose 11*t = 6*t + 55. What is the units digit of t?
1
Let g(c) = -c**2 - 21*c - 18. What is the units digit of g(-16)?
2
Let q be ((-3)/(-1))/(9/6). Suppose -4*y - 8 = 5*t, -5*t + 2*t - 4*y - 8 = 0. Let a = t + q. What is the units digit of a?
2
Let o = 355 + -206. What is the units digit of o?
9
Suppose 6*c - 449 = 4*c + a, -2*c + 5*a + 461 = 0. What is the tens digit of c?
2
Let h = 115 - 31. Suppose 33 = 3*n - h. What is the units digit of n?
9
Let v be 12/18*69/2. Suppose -51 = -3*r - b, 4*r - b - 38 = v. What is the units digit of r?
6
Suppose 5*b = 4*f - 136, 2*b + 3 + 65 = 2*f. What is the units digit of f?
4
What is the tens digit of (8/6)/(9/378)?
5
Suppose h = 2*h - 10. Suppose n = -n + h. What is the units digit of n?
5
Let a(p) = -p**3 + 4*p**2 - 2*p - 1. Suppose -4*v - 2*q + 1 = -23, 4*q = 0. Suppose 11*d = v*d + 10. What is the units digit of a(d)?
3
Let y(w) = -6*w + 4*w**2 - 10 + 2*w - 10*w**2 + w**3. Let j = 5 + 2. What is the tens digit of y(j)?
1
Let m be 1*((-2)/1 + 7). Let d(w) = w**2 + 5*w + 1. What is the tens digit of d(m)?
5
Let i = 4 + -6. Let g(j) = -j**3 - j**2 + 4*j + 1. Let p be g(-3). Let b = p + i. What is the units digit of b?
5
Let n(p) = -p**3 - 7*p**2 + p - 1. Suppose 3*u - 3*o = -15, -2*o - 39 = 4*u + u. Let b be n(u). Let k = b - -16. What is the units digit of k?
8
Let b(n) = n**2 - 2*n + 5. Let m(q) = 6*q**2 - 11*q + 25. Let k(t) = -11*b(t) + 2*m(t). Suppose 47 = 14*c - 9. What is the tens digit of k(c)?
1
Let y be (-5)/35 - 1/(-7). What is the tens digit of (y - (-4)/6)*24?
1
Suppose 5*x = 2*r + 13, 4*x - 10 = -0*x + 2*r. Let y(g) = g + 6. Let h be y(-5). What is the units digit of 1*3 - (x - h)?
1
Suppose -10 - 78 = 5*g + 2*q, 0 = 3*q + 12. Let o = g - -27. What is the tens digit of o?
1
Let k(h) = h**3 - 3*h**2 - 3*h - 5. Let v be k(5). Suppose -5*l + 14 = t + 4, -4*l = 5*t - 29. Suppose t*z - v = 2*z. What is the units digit of z?
0
Let u(m) = m - 10. Let b be u(7). Let l be (1 + 2)/b*-4. Suppose 11 = -l*t - 1, t = -2*j + 7. What is the units digit of j?
5
Let d(s) = -s**3 - 8*s**2 - s + 3. Let r(t) = -2*t**3 + t**2 + 2*t. Let h be r(2). What is the units digit of d(h)?
1
Let a(s) = -s + 13. Let w be a(0). Suppose 0 = -22*i + 27*i. Suppose w = b - i*b. What is the tens digit of b?
1
Suppose 2*t - 66 = 2*l, -l - 3*l = 4*t - 172. What is the tens digit of t?
3
Let h(y) = -y**3 + 15*y**2 + 18*y - 1. What is the tens digit of h(16)?
3
Let s = 13 - 10. Suppose s*c = 6*c - 54. What is the tens digit of c?
1
Let s = 10 - 0. Suppose -b + 0 = s. What is the units digit of 3/(-15) - 82/b?
8
Let q(m) be the second derivative of m**4/12 - m**3/6 - 3*m**2/2 + 3*m. What is the units digit of q(4)?
9
Let w(c) = -c**2 - 7*c + 5. Let n be w(-7). Suppose n*b + 5*z = 45, 0 = -2*z + 4*z + 2. What is the tens digit of b?
1
Suppose -d - 5*a = -172, 4*d + 90 = -2*a + 742. What is the units digit of 4/10 + d/45?
4
Let i = 12 - 5. Let m = i - -33. What is the tens digit of m?
4
Suppose 4*q - 43 = 3*r, -4*q + 4*r = 2*r - 38. Suppose -5*g + 3 = -q. Suppose 2*y - 2*o = 12, -2*y - 8 + 0 = g*o. What is the units digit of y?
1
Let d(j) = j**3 + 5*j**2 - 3*j + 3. What is the tens digit of d(-5)?
1
Let v be 112/35 - 1/5. Let b = 12 - v. What is the tens digit of (45/(-6))/(b/(-12))?
1
Let f(c) = -7*c + 2. Let m be f(4). Let n = m + 48. Suppose 5*g + r = n, 4*g - 3*r + 4 = 14. What is the units digit of g?
4
Let y be (-2)/(-3 - -1) + -208. Let t be 6/9*y/6. Let w = -10 - t. What is the tens digit of w?
1
Let n be ((-1)/2)/(-1)*8. What is the units digit of (-25)/(-20)*n*1?
5
Let n(u) = -u + 3. Let x be n(7). Let j(z) = z**2 + 5*z + 4. Let l be j(x). Suppose l*y = -4*y + 44. What is the units digit of y?
1
Let g(t) = t**2 - 7*t - 2. What is the tens digit of g(9)?
1
Suppose t - 3*t - 4 = 0. What is the tens digit of t - -3 - 51/(-3)?
1
Let b(k) = k**3 - k**2 + 2. Let f be b(0). Let s be (6/f)/3*-4. Let l = s + 5. What is the units digit of l?
1
Suppose -3*m + 4*c = -25, 2*m = m - 3*c + 4. What is the units digit of m?
7
Suppose 4*n - 2 = -22. Let f(v) = v**2 + 5*v + 3. What is the units digit of f(n)?
3
Let w be (-32)/(-5) - 12/30. Let t be (w/2)/(-3) + -19. What is the units digit of (-185)/t - 1/4?
9
Let g be 2/9 + (-74)/9. Let i = g + 12. What is the units digit of i?
4
Suppose 0*m = -m - 20. Let f be (-2)/(m/(-6))*-5. Let q(i) = i**3 - i**2 - 4*i + 2. What is the units digit of q(f)?
8
Let s(w) = -w**2 - 5*w - 2. Let i be s(-3). Suppose 5 = d + z, -i*d + 20 = 6*z - 3*z. Suppose 5*h = 15, 5*h + d = -2*t + 30. What is the units digit of t?
5
Let l be 4 - 0 - (0 - 2). Let c = 10 - l. What is the units digit of c?
4
Let c(p) = -2*p**3 + p**2 - 3*p + 3. Suppose 0 = 2*g + 4*l + 9 + 3, -4*g = 4*l + 8. Let i be c(g). Let a = 24 + i. What is the units digit of a?
9
Let n be ((-2)/3)/((-4)/(-108)). Let b = 22 + n. What is the units digit of b?
4
Suppose -3*l + 164 - 451 = -4*t, 3*t = -l + 199. What is the tens digit of t?
6
What is the tens digit of (-7319)/(-52) - (-2)/8?
4
Let h = 44 - 33. What is the units digit of h?
1
Let s(m) = 209*m - 3. What is the tens digit of s(1)?
0
Let q = -29 + 17. Suppose -2*f + 4*f - 19 = 5*u, f = -5*u - 13. Let c = u - q. What is the units digit of c?
9
Let n = 129 - 60. Let g = n + -33. What is the units digit o